{"id":212,"date":"2018-09-11T18:20:26","date_gmt":"2018-09-11T16:20:26","guid":{"rendered":"http:\/\/gitesgrosoneux.be\/?page_id=212"},"modified":"2022-08-23T14:14:44","modified_gmt":"2022-08-23T12:14:44","slug":"gite-secondaire-superieur","status":"publish","type":"page","link":"https:\/\/gitesgrosoneux.be\/?page_id=212","title":{"rendered":"Gros Oneux sup\u00e9rieur (4 lits + lit d\u2019appoint)"},"content":{"rendered":"<p style=\"text-align: center;\"><div id=\"metaslider-id-236\" style=\"width: 100%; margin: 0 auto;\" class=\"ml-slider-3-29-0 metaslider metaslider-nivo metaslider-236 ml-slider\">\n    <div id=\"metaslider_container_236\">\n        <div class='slider-wrapper theme-default'><div class='ribbon'><\/div><div id='metaslider_236' class='nivoSlider'><img src=\"https:\/\/gitesgrosoneux.be\/wp-content\/uploads\/2018\/07\/septieme-1200x800.png\" height=\"800\" width=\"1200\" title=\"septieme\" alt=\"\" class=\"slider-236 slide-352\" \/><img src=\"https:\/\/gitesgrosoneux.be\/wp-content\/uploads\/2018\/11\/sixieme-1200x600-copie-900x600.png\" height=\"800\" width=\"1200\" title=\"sixieme-1200x600 copie\" alt=\"\" class=\"slider-236 slide-377\" \/><img src=\"https:\/\/gitesgrosoneux.be\/wp-content\/uploads\/2018\/12\/1G1A1154-1199x799.jpg\" height=\"800\" width=\"1200\" title=\"1G1A1154\" alt=\"\" class=\"slider-236 slide-574\" \/><img src=\"https:\/\/gitesgrosoneux.be\/wp-content\/uploads\/2018\/12\/1G1A1089-533x355.jpg\" height=\"800\" width=\"1200\" title=\"1G1A1089\" alt=\"\" class=\"slider-236 slide-573\" \/><img src=\"https:\/\/gitesgrosoneux.be\/wp-content\/uploads\/2018\/11\/salon-2-1200x800.jpeg\" height=\"800\" width=\"1200\" title=\"salon +2\" alt=\"\" class=\"slider-236 slide-373\" \/><\/div><\/div>\n        \n    <\/div>\n<\/div><\/p>\n<ul>\n<li>Capacit\u00e9 : 4 lits + 1 lit b\u00e9b\u00e9 \/\u00a0lit d\u2019appoint.<\/li>\n<li><label>2\u00e8me \u00e9tage<\/label>\n<ul>\n<li><label>Salle-\u00e0-manger\/salon\/cuisine<\/label>\n<ul>\n<li>Sous la charpente laiss\u00e9e apparente\u00a0: cuisine (cuisini\u00e8re 4 plaques \u00e9lectriques, four, frigo, cong\u00e9lateur, Micro onde), coin \u00e0 manger, salon.<\/li>\n<\/ul>\n<\/li>\n<li><label>Chambre<\/label>\n<ul>\n<li>vaste chambre avec\u00a0 4 x 1p, Cacoon (tente suspendue).<\/li>\n<\/ul>\n<\/li>\n<li><label>Salle de douche<\/label>\n<ul>\n<li>douche, lavabo, wc<\/li>\n<\/ul>\n<\/li>\n<\/ul>\n<\/li>\n<li><label>Ext\u00e9rieur<\/label>\n<ul>\n<li>Pelouses, terrasses, Jeux ext\u00e9rieurs : tyrolienne (60m), terrain de p\u00e9tanques, panier de basket, goal de foot, balan\u00e7oires, trampoline.<\/li>\n<\/ul>\n<\/li>\n<\/ul>\n<p style=\"text-align: center;\"><a class=\"maxbutton-5 maxbutton maxbutton-tarifs-sup\" href=\"http:\/\/gitesgrosoneux.be\/?page_id=274\"><span class='mb-text'>Tarifs<\/span><\/a><\/p>\n","protected":false},"excerpt":{"rendered":"<p>Capacit\u00e9 : 4 lits + 1 lit b\u00e9b\u00e9 \/\u00a0lit d\u2019appoint. 2\u00e8me \u00e9tage Salle-\u00e0-manger\/salon\/cuisine Sous la charpente laiss\u00e9e apparente\u00a0: cuisine (cuisini\u00e8re 4 plaques \u00e9lectriques, four, frigo, cong\u00e9lateur, Micro onde), coin \u00e0 manger, salon. Chambre vaste chambre avec\u00a0 4 x 1p, Cacoon (tente suspendue). Salle de douche douche, lavabo, wc Ext\u00e9rieur Pelouses, terrasses, Jeux ext\u00e9rieurs : tyrolienne [&hellip;]<\/p>\n","protected":false},"author":1,"featured_media":0,"parent":38,"menu_order":0,"comment_status":"closed","ping_status":"closed","template":"page-fullwidth.php","meta":[],"_links":{"self":[{"href":"https:\/\/gitesgrosoneux.be\/index.php?rest_route=\/wp\/v2\/pages\/212"}],"collection":[{"href":"https:\/\/gitesgrosoneux.be\/index.php?rest_route=\/wp\/v2\/pages"}],"about":[{"href":"https:\/\/gitesgrosoneux.be\/index.php?rest_route=\/wp\/v2\/types\/page"}],"author":[{"embeddable":true,"href":"https:\/\/gitesgrosoneux.be\/index.php?rest_route=\/wp\/v2\/users\/1"}],"replies":[{"embeddable":true,"href":"https:\/\/gitesgrosoneux.be\/index.php?rest_route=%2Fwp%2Fv2%2Fcomments&post=212"}],"version-history":[{"count":14,"href":"https:\/\/gitesgrosoneux.be\/index.php?rest_route=\/wp\/v2\/pages\/212\/revisions"}],"predecessor-version":[{"id":724,"href":"https:\/\/gitesgrosoneux.be\/index.php?rest_route=\/wp\/v2\/pages\/212\/revisions\/724"}],"up":[{"embeddable":true,"href":"https:\/\/gitesgrosoneux.be\/index.php?rest_route=\/wp\/v2\/pages\/38"}],"wp:attachment":[{"href":"https:\/\/gitesgrosoneux.be\/index.php?rest_route=%2Fwp%2Fv2%2Fmedia&parent=212"}],"curies":[{"name":"wp","href":"https:\/\/api.w.org\/{rel}","templated":true}]}}